 461, n = -3*a - 15. Is t composite?
False
Suppose 0 = 23*j - 27*j + 908. Suppose -y - 86 = -j. Is y a prime number?
False
Let j = 27953 + -11538. Suppose 9*c = j - 224. Is c prime?
False
Let y(o) = 127*o + 1 + 2 + 157*o + 510*o. Let p be y(-6). Is 4/18 - p/81 a prime number?
True
Let b(p) = 8*p - 10. Let f(a) = -23*a + 29. Let k(z) = -8*b(z) - 3*f(z). Is k(4) composite?
False
Let i(m) = m - 6. Let y be i(8). Is 9/(-3) - (-162 - y) composite?
True
Let z be 4/(273/(-135) - -2). Suppose -5*v = 2*l - 1611, 7*v = 2*v + 3*l + 1621. Let f = v + z. Is f a composite number?
True
Suppose 2*i = 2*s + 30, i - 6 = -3*s + s. Let j = i + -17. Let k(h) = -56*h + 7. Is k(j) a composite number?
True
Let m(b) = 18 - 89*b - 9 + 113*b + 10. Is m(8) composite?
False
Let a be ((-6)/15)/(2/(-10)). Suppose -3*i = -p - 0*i - 217, -a*p - 484 = 4*i. Let l = p - -399. Is l a prime number?
True
Let p(a) = 25*a - 22. Let i be p(-20). Let d = 566 - i. Let o = d - 574. Is o prime?
False
Let k(c) = -29*c - 29. Let n be k(14). Let x = n + 622. Is x prime?
False
Suppose -p + 393 = 5*b, 0 = 5*b - 33 + 8. Let c = p - -121. Is c a composite number?
True
Let p be ((-4)/(-10))/(-2) - 4/(-20). Suppose -5376 = -l - n, 2*l + 0*l - 3*n - 10777 = p. Is l a prime number?
True
Let n(t) = 2729*t**3 - t**2 + 1. Let h = 64 + -63. Is n(h) prime?
True
Let h(l) = -2*l**3 - 3*l**2 - 6*l + 6. Let r be 8 + (-2)/(3 + -4). Let j be r + -16 - 2/(-2). Is h(j) composite?
False
Let y be 3898/4 + 3/(-6) + 0. Is y*(15/6)/5 prime?
True
Let u(y) = -46*y**3 - 16*y**2 + 50*y - 41. Is u(-10) a composite number?
True
Suppose 2*b - 4 = b. Suppose 0 = -b*k + k - p + 10577, 2*k + 3*p - 7042 = 0. Is k composite?
False
Let g = 75 + -87. Is 2 - (-1242)/g*26/(-3) prime?
False
Let j(o) be the third derivative of 5*o**5/6 + o**3/2 - o**2. Let i be j(-6). Suppose 0 = 2*y - 3*s - 1763, 2*y - i = -7*s + 2*s. Is y prime?
False
Let g(t) = 31*t**3 - 5*t + 4. Let a be g(-5). Is (0 + -2)*a/12 composite?
False
Let b(c) = 72*c**2 + 3*c + 7. Let r be b(3). Suppose -3*d - w = -r, -3*d + 5*w = d - 879. Is d a prime number?
False
Let h(q) = 2*q**2 - 15*q - 36. Is h(-11) a prime number?
False
Let n = 9 + -1. Let g = 79 - n. Is g composite?
False
Let w(j) = 213*j**2 - 21*j - 5. Is w(-6) composite?
False
Suppose -2*w + 18700 = 2*i - 3*w, -3*w + 46761 = 5*i. Let x = i - 6340. Is x a composite number?
False
Is 253108/36 - (-10)/45 a composite number?
True
Let t(i) = -82*i + 53. Let f = -5 + -18. Is t(f) a composite number?
True
Suppose 26*l - 3 = 25*l. Suppose 4*a - 211 = l*a. Is a a composite number?
False
Let m(j) = -2*j**2 + j - 249. Let o be m(0). Let c = 63 - 89. Let g = c - o. Is g a prime number?
True
Suppose -60*y - 25*y = -6451755. Is y a prime number?
False
Let d be (-418)/(-1) + -7 + 4. Let h = -204 + d. Is h prime?
True
Let c(h) = -2*h**3 - 2*h - 1. Let a be c(-1). Let s = 63 + a. Let m = s + -29. Is m a prime number?
True
Is (20318 - 2) + -4 + 5 a prime number?
False
Let y = 8635 + -5718. Is y prime?
True
Suppose s - 5*s + 5 = -5*d, d - s = -2. Suppose -d*h + 607 = -854. Is h a prime number?
True
Suppose 0 = 15*j - 753054 + 3849. Is j composite?
True
Let d = 10243 + -3614. Is d a composite number?
True
Suppose 0 = -4*w - 18798 + 58594. Is w composite?
False
Let u = 4 + 26. Suppose -2*q + u = 5*m + 1, -18 = -4*m + q. Is m/2*1424/40 a prime number?
True
Suppose 2*x + 4*v + 8 = 3*x, -4*v = -5*x + 8. Suppose -k + 2 = 0, 0 = -5*p + 5*k + 25 - 10. Suppose -p*f + 795 + 220 = x. Is f a composite number?
True
Let g(r) = 4*r - 2 - 1 - 4*r**2 + 10*r**3 + 10*r**3 + 2*r**2. Suppose -5*v - 10 = 5*o, 3 = 2*v + 11. Is g(o) prime?
True
Suppose 0 = 4*m + 3 - 31. Suppose -m*l + 10 = -2*l. Is 15 + -4 + l - -2 composite?
True
Let b = -3788 + 5962. Is b a prime number?
False
Suppose -3*f + 5*a = -55, -49 - 1 = -3*f + 4*a. Let s be (78/f)/((-2)/(-810)). Suppose -5*q + c = -s, -5*q + 2*c + 4550 = 1387. Is q composite?
False
Let t(h) = -2386*h**3 - 18*h**2 - 37*h + 1. Is t(-2) prime?
False
Let y = -35 - -40. Suppose y*u - 5*q - 685 = 0, 2*u - 4*u = 3*q - 284. Is u prime?
True
Suppose -x - 3*x + j = -35, 2*j - 11 = -x. Let r be -3 - (-3 + 4 - x). Suppose 267 = r*a - 2*a. Is a a prime number?
True
Let i(o) = 2*o - 8. Let j be i(6). Suppose 2*n + 2 = l, 0 = -5*l + 3*l - 4*n - j. Is 40/(-16)*(l + -346) composite?
True
Suppose -l - t - 2 = -4, -3*t - 18 = -5*l. Suppose -s - l*s + 3*j = -6332, 4*s = 4*j + 6332. Is s a prime number?
True
Suppose a - 2496 = -3*a + 2*y, -y = a - 618. Suppose 2*n = 2*s + 1268, -3*n + 4*n + 5*s - a = 0. Let i = n - -45. Is i a prime number?
True
Is (16/(-32))/(3/(-81858)) a prime number?
False
Suppose 34168 = 10*q - 2*q. Is q prime?
True
Suppose 60*m = 62*m - 2406. Is m a prime number?
False
Let s be -225 + (-1 - -4)/3. Let b = -127 - s. Is b a prime number?
True
Suppose -5514 = 492*y - 493*y - q, -4*q + 20 = 0. Is y a composite number?
True
Suppose 86*b - 80*b = 1506. Is b composite?
False
Suppose -5*o + 6*o = 3*h - 12658, 3*h - 12655 = -2*o. Is h a prime number?
True
Let o = 907 - 334. Is o prime?
False
Suppose 5*a + 5*b = 25, -3*a = b - 9 - 4. Suppose 5*q = -2*k - 1 + 3, a*q - 4*k = 24. Suppose 2*v + v - 403 = -5*y, -q*v + 75 = y. Is y a composite number?
False
Let w = -83 + 85. Suppose -x - 1384 = -5*x - 5*j, 2*j = -w*x + 692. Is x composite?
True
Let c = -228 + 460. Let b = c + 205. Let l = b + -296. Is l a prime number?
False
Let s(d) = -3*d**3 - 95*d**2 + 18*d - 73. Is s(-39) composite?
False
Let u = -430 - -753. Is u prime?
False
Let v be 0 + 0 + 2/1. Suppose 3*y + 4*c - 18 = 0, 2*y + 7*c - v*c = 19. Suppose 0 = -u - 3*r - y*r + 318, -r - 288 = -u. Is u a prime number?
True
Let g = 3 - -3. Let z(k) = 7 + 0*k + 0*k**3 - 5*k + 4*k**3 - 2*k**3 - 8*k**2. Is z(g) a prime number?
False
Let u(v) = -216*v**2 + 13 - v**3 + 8*v - 2*v**3 + 219*v**2. Is u(-9) prime?
True
Let q(t) = t - 12. Let f be q(8). Is f*1*2065/(-28) a prime number?
False
Suppose 5*k + 0*o - o - 69 = 0, -k = 5*o - 19. Let b = k + -9. Suppose -h + 6997 = b*u + 704, -u = 5*h - 1249. Is u prime?
True
Suppose -3*u - 625 = -46. Let w = 16 - u. Let k = w + -118. Is k composite?
True
Suppose k - 702 = 3833. Suppose 6*q = q + k. Is q composite?
False
Suppose -11 + 16 = g. Suppose -g*r = -6746 + 1991. Is r prime?
False
Let m(d) be the second derivative of 7/2*d**4 + 0 + 1/2*d**2 + 5*d - 1/2*d**3. Is m(2) composite?
False
Let d = 115 + -51. Let o(m) = 124*m + 1. Let q be o(-1). Let y = d - q. Is y prime?
False
Suppose 2*h - h = 0. Suppose 5*o - 6*o + 7 = h. Suppose f = 2*f - o. Is f composite?
False
Let p(g) = -g**3 + 11*g**2 - 9*g - 11. Let q be p(10). Is 3 - q*75 - -1 prime?
True
Suppose -j = 3*j - 84. Let i = j + -17. Suppose -2*g + i*g = 1438. Is g composite?
False
Suppose 25903 = 4*u + 4379. Is u a prime number?
True
Let j = 2471 - 1281. Let m = -405 + j. Is m composite?
True
Let b = -4 + 9. Suppose -3*o - 3012 = -b*z, 4*o - 1210 = z - 3*z. Suppose z = l + 89. Is l composite?
True
Let d be 6*(-2 + 20/8). Suppose -147 = -d*v + 972. Is v composite?
False
Let u(k) = -390*k - 5. Let j be u(-2). Suppose -j = -4*z + 1485. Suppose 4*a = 663 + z. Is a a composite number?
False
Let q(a) = -29*a**3 + 7*a**2 - 2*a + 2. Let n be q(-4). Suppose -d = -3*c + 5894, n = c - 5*d + 2*d. Is c a prime number?
False
Let f = 5 + -3. Suppose -2 = -b - f*q, -2*b = 2*q - q + 8. Let j = b - -9. Is j composite?
False
Let c(t) = -77*t**2 + 5*t. Let g(r) = -r**2 - 1. Let f(s) = -c(s) + 5*g(s). Suppose 0 = 2*j - 2*d - 2, 4*d + 23 = -4*j - d. Is f(j) a prime number?
True
Let u be (-8 + 1)*((-102)/42 + 1). Suppose -2785 = u*n - 15*n. Is n a composite number?
False
Let w = -125 - -99. Is 47*2*(5 - w/4) a composite number?
True
Let x(z) = -z**2. Let f(q) = -3*q**2 + 3*q**2 - 5 - 10*q - 6*q**2 + 3*q**2. Let c(k) = -f(k) + x(k). Is c(-8) a composite number?
False
Let w = 24 - 13. Suppose 15*f - w*f - 296 = 0. Is f a composite number?
True
Is (-2 - -9 - 4) + (-4 - -3848) a composite number?
False
Suppose q + 407 = -q - 5*g, 0 = -2*g + 10. Let x = 163 - q. Is x prime?
True
Let i = -47406 - -89177. Is i composite?
False
Let t = 52 - 50. Suppose -3*b = t*s - 5*s + 1848, -625 = -s + 4*b. Is s a composite number?
False
Let w(g) = -g**3 + 64*g**2 - 65*g - 123. Is w(34) a composite number?
True
Is (35548/